f 17?
True
Is 316114803 a multiple of 16?
False
Does 105 divide 7398615?
True
Does 1539 divide 449285292?
False
Is 179962680 a multiple of 3876?
True
Is 45260020 a multiple of 65?
True
Does 22 divide 28096750?
True
Is 150 a factor of 380885410?
False
Is 449 a factor of 30436622?
False
Is 11 a factor of 2036191?
False
Is 5 a factor of 30893740?
True
Is 886 a factor of 12160642?
False
Is 19453687 a multiple of 15?
False
Is 94915486 even?
True
Does 186 divide 24833046?
True
Does 30 divide 64599109?
False
Does 23 divide 1177113?
False
Is 3187359480 a multiple of 3228?
True
Does 98 divide 73518012?
False
Is 955 a factor of 106275201?
False
Is 2731 a factor of 268334405?
True
Is 24 a factor of 4254717480?
True
Is 26577406 a multiple of 16?
False
Is 240673275 a multiple of 865?
True
Does 1536 divide 3161200128?
True
Is 1193987812 a multiple of 2?
True
Does 790 divide 21237289?
False
Is 101 a factor of 2874056?
True
Is 26209504 a multiple of 362?
False
Is 569 a factor of 438373035?
False
Is 154261303 a multiple of 22?
False
Is 604 a factor of 37000746?
False
Is 5082 a factor of 1147085925?
False
Is 2883 a factor of 810839260?
False
Does 2856 divide 90460944?
True
Does 410 divide 134399282?
False
Does 11 divide 62609525?
True
Is 153 a factor of 1831026276?
True
Is 20076288 a multiple of 16?
True
Does 37 divide 50557170?
True
Is 715884 a multiple of 338?
True
Is 341 a factor of 714749640?
True
Does 2 divide 14245498?
True
Is 2378 a factor of 79551234?
True
Does 620 divide 57439305?
False
Does 174 divide 253783350?
True
Is 79405930 a multiple of 410?
True
Is 75 a factor of 119131050?
True
Is 29744088 a multiple of 934?
False
Does 5 divide 107223822?
False
Is 340 a factor of 63092780?
True
Is 11759600 a multiple of 10?
True
Is 13 a factor of 367320200?
True
Does 17 divide 21100870?
False
Is 84 a factor of 55837488?
True
Is 135 a factor of 83475042?
False
Does 5 divide 2834397?
False
Does 291 divide 1044035159?
False
Does 8 divide 2489611?
False
Is 6 a factor of 5647908?
True
Is 107 a factor of 47870195?
True
Does 4 divide 32224848?
True
Is 53325207 a multiple of 29?
False
Is 75 a factor of 4881900?
True
Is 118 a factor of 295731981?
False
Is 11 a factor of 181983846?
True
Is 733 a factor of 39287675?
False
Is 8 a factor of 344588848?
True
Is 49765230 a multiple of 930?
True
Is 3831610572 a multiple of 30?
False
Is 6604863 a multiple of 139?
True
Is 3772071 a multiple of 11?
False
Is 1059273241 a multiple of 13?
True
Is 56 a factor of 151785816?
True
Does 338 divide 10023796?
False
Is 5349599 a multiple of 2?
False
Is 445326552 a multiple of 184?
True
Does 36 divide 61913808?
True
Is 40 a factor of 2706597880?
True
Is 158766328 a multiple of 126?
False
Does 833 divide 26962544?
True
Is 308070 a multiple of 815?
True
Is 550431744 a multiple of 192?
True
Is 112988824 a multiple of 962?
True
Does 25 divide 37464438?
False
Does 11116 divide 761801712?
True
Does 128 divide 61876864?
True
Does 1191 divide 23616028?
False
Is 16 a factor of 113795911?
False
Is 339714760 a multiple of 1694?
True
Does 185 divide 3587539?
False
Does 141 divide 1310373411?
False
Does 13 divide 112190338?
True
Does 246 divide 21902333?
False
Does 14 divide 271216792?
True
Is 4 a factor of 289659554?
False
Is 40912060 a multiple of 11?
False
Does 14 divide 240962680?
True
Does 5 divide 3183085?
True
Does 162 divide 8291808?
True
Is 14 a factor of 1187273730?
False
Is 313853203 a multiple of 1595?
False
Does 866 divide 59900354?
True
Does 32 divide 168214304?
True
Is 162 a factor of 9006853?
False
Is 63 a factor of 82035261?
True
Is 1011810659 a multiple of 23?
False
Is 38 a factor of 28621714?
True
Is 27592224 a multiple of 561?
True
Does 3190 divide 321456238?
False
Is 3173 a factor of 50568101?
True
Is 8692819 a multiple of 2680?
False
Is 854 a factor of 102726806?
True
Does 79 divide 1737832836?
True
Does 15 divide 6225735?
True
Does 3394 divide 1138547846?
True
Does 38 divide 149445906?
True
Is 33 a factor of 2907108699?
True
Is 1451165832 a multiple of 438?
True
Is 783452088 a multiple of 1814?
True
Is 1883 a factor of 1710902419?
False
Does 5537 divide 114505160?
True
Is 4364265 even?
False
Is 74546360 a multiple of 14?
True
Is 62 a factor of 62606794?
True
Is 53 a factor of 922606803?
False
Is 44 a factor of 4862352?
True
Is 132264016 a multiple of 31?
False
Is 17 a factor of 4265541324?
False
Is 584798089 a multiple of 188?
False
Is 6885227895 a multiple of 1274?
False
Is 9352602 a multiple of 18?
True
Is 19810488 a multiple of 186?
True
Is 2399964 a multiple of 8?
False
Does 13 divide 604764882?
False
Does 221 divide 1118429950?
False
Does 679 divide 519304632?
True
Is 66 a factor of 67618692?
False
Is 3045169514 a multiple of 26?
False
Does 10 divide 230849864?
False
Is 34 a factor of 61813836?
True
Is 26 a factor of 6392008?
False
Is 394238673 a multiple of 94?
False
Is 263 a factor of 119282598?
True
Is 7 a factor of 75489386?
True
Is 10848231 a multiple of 53?
False
Does 70 divide 41229716?
False
Is 23 a factor of 22790077?
False
Is 11320371 a multiple of 27?
True
Does 11 divide 3467394?
False
Is 925 a factor of 64308069?
False
Is 1030936808 a multiple of 97?
False
Is 791 a factor of 47551756?
True
Is 467 a factor of 268248069?
True
Is 4 a factor of 106172099?
False
Does 1080 divide 132338913?
False
Does 70 divide 889327390?
True
Is 2810 a factor of 59779711?
False
Does 317 divide 33007332?
False
Does 461 divide 37076386?
True
Is 4264825908 a multiple of 21?
True
Does 470 divide 1411528?
False
Is 1344124431 a multiple of 2873?
True
Is 58439446 a multiple of 26?
True
Does 2 divide 2074732?
True
Is 2573022416 a multiple of 7193?
True
Does 502 divide 109164418?
True
Is 3 a factor of 2482215?
True
Is 82 a factor of 1021038170?
True
Is 1130 a factor of 18527352?
False
Does 153 divide 48607182?
True
Is 1539 a factor of 45050702?
False
Is 15832523 a multiple of 110?
False
Is 984696014 a multiple of 38?
True
Is 141838191 a multiple of 153?
True
Is 615 a factor of 106880235?
True
Is 456757 a multiple of 7?
True
Does 102 divide 2014649736?
True
Does 4232 divide 350223220?
False
Is 3120 a factor of 391584621?
False
Is 4333170744 a multiple of 2898?
True
Does 26 divide 681906639?
False
Does 5 divide 579939540?
True
Does 42 divide 172003230?
True
Is 49980270 a multiple of 29?
False
Does 313 divide 14890787?
False
Is 3854784 a multiple of 96?
True
Is 2552819472 a multiple of 144?
True
Does 35 divide 46226447?
False
Does 89 divide 288558972?
False
Is 495164644 a multiple of 2681?
False
Is 1283 a factor of 2916628504?
True
Is 47134394 a multiple of 23?
False
Is 8 a factor of 11841086?
False
Does 564 divide 1361057208?
True
Is 13 a factor of 148267809?
False
Is 2 a factor of 29893984?
True
Is 13 a factor of 4187841788?
True
Is 2947843553 a multiple of 463?
False
Does 16 divide 208982240?
True
Is 168672808 a multiple of 842?
True
Does 13 divide 1191015865?
True
Is 1363786740 a multiple of 180?
True
Does 46 divide 656834?
True
Is 15 a factor of 309600125?
False
Does 7412 divide 6034635452?
True
Is 27977920 a multiple of 2780?
True
Is 11690064 a multiple of 24?
True
Does 1199 divide 16817174?
True
Does 39 divide 17285385?
True
Is 2114 a factor of 427626262?
True
Is 29525796 a multiple of 9?
True
Is 3234 a factor of 617700468?
True
Does 527 divide 2469522?
True
Is 919 a factor of 10177925?
True
Is 55986006 a multiple of 2096?
False
Is 53 a factor of 3612520?
False
Does 6 divide 8438148?
True
Does 32 divide 811386547?
False
Is 157604400 a multiple of 30?
True
Is 51 a factor of 69939921?
True
Is 22 a factor of 210339859?
False
Does 242 divide 2465106380?
True
Is 468 a factor of 7017192?
True
Is 6768 a factor of 1213808057?
False
Is 1567 a factor of 20274908?
False
Is 35498685 a multiple of 247?
False
Is 24 a factor of 64961736?
True
Is 695 a factor of 169703763?
False
Does 50 divide 28988700?
True
Is 111971746 a multiple of 2?
True
Does 758 divide 133478519?
False
Is 535 a factor of 747697430?
False
Does 20 divide 15930780?
True
Is 146 a factor of 362375856?
False
Is 1400126819 a multiple of 5355?
False
Does 311 divide 1272609861?
False
Is 1389092910 a multiple of 3788?
False
Does 7 divide 280841510?
False
Does 206 divide 538342?
False
Is 5829720 a multiple of 37?
True
Does 172 divide 976242